{"id":5587,"date":"2024-03-22T14:01:33","date_gmt":"2024-03-22T13:01:33","guid":{"rendered":"https:\/\/www.lzsgrudzice.pl\/?page_id=5587"},"modified":"2026-01-13T14:09:42","modified_gmt":"2026-01-13T13:09:42","slug":"sponsoring","status":"publish","type":"page","link":"https:\/\/www.lzsgrudzice.pl\/index.php\/sponsoring\/","title":{"rendered":"Sponsoring"},"content":{"rendered":"\n<p class=\"has-text-align-center has-xx-large-font-size\"><strong>Sponsoring<\/strong><\/p>\n\n\n\n<p class=\"has-text-align-center\">LZS Grudzice prowadzi dzia\u0142alno\u015b\u0107 sportow\u0105 i szkoleniow\u0105 dla dzieci, m\u0142odzie\u017cy oraz doros\u0142ych.<br>Funkcjonowanie klubu jest mo\u017cliwe dzi\u0119ki zaanga\u017cowaniu spo\u0142eczno\u015bci oraz wsparciu sponsor\u00f3w i partner\u00f3w.<\/p>\n\n\n\n<p class=\"has-text-align-center\">Zach\u0119camy firmy i osoby prywatne do wsp\u00f3\u0142pracy z klubem. Szczeg\u00f3\u0142y oferty sponsoringowej<br>znajduj\u0105 si\u0119 w dokumencie do pobrania poni\u017cej.<\/p>\n\n\n\n<p class=\"has-text-align-center has-x-large-font-size\"><a href=\"https:\/\/www.lzsgrudzice.pl\/wp-content\/uploads\/2024\/03\/Oferta-sponsorska-LZS_Grudzice.pdf\" data-type=\"link\" data-id=\"https:\/\/www.lzsgrudzice.pl\/wp-content\/uploads\/2024\/03\/Oferta-sponsorska-LZS_Grudzice.pdf\" target=\"_blank\" rel=\"noreferrer noopener\"><strong>Oferta sponsorska<\/strong><\/a><\/p>\n","protected":false},"excerpt":{"rendered":"<p>Sponsoring LZS Grudzice prowadzi dzia\u0142alno\u015b\u0107 sportow\u0105 i szkoleniow\u0105 dla dzieci, m\u0142odzie\u017cy oraz doros\u0142ych.Funkcjonowanie klubu jest mo\u017cliwe dzi\u0119ki zaanga\u017cowaniu spo\u0142eczno\u015bci oraz wsparciu sponsor\u00f3w i partner\u00f3w. Zach\u0119camy firmy i osoby prywatne do wsp\u00f3\u0142pracy z klubem. Szczeg\u00f3\u0142y oferty sponsoringowejznajduj\u0105 si\u0119 w dokumencie do pobrania poni\u017cej. Oferta sponsorska<\/p>\n","protected":false},"author":1,"featured_media":0,"parent":0,"menu_order":0,"comment_status":"closed","ping_status":"closed","template":"","meta":{"footnotes":""},"class_list":["post-5587","page","type-page","status-publish","hentry"],"_links":{"self":[{"href":"https:\/\/www.lzsgrudzice.pl\/index.php\/wp-json\/wp\/v2\/pages\/5587","targetHints":{"allow":["GET"]}}],"collection":[{"href":"https:\/\/www.lzsgrudzice.pl\/index.php\/wp-json\/wp\/v2\/pages"}],"about":[{"href":"https:\/\/www.lzsgrudzice.pl\/index.php\/wp-json\/wp\/v2\/types\/page"}],"author":[{"embeddable":true,"href":"https:\/\/www.lzsgrudzice.pl\/index.php\/wp-json\/wp\/v2\/users\/1"}],"replies":[{"embeddable":true,"href":"https:\/\/www.lzsgrudzice.pl\/index.php\/wp-json\/wp\/v2\/comments?post=5587"}],"version-history":[{"count":3,"href":"https:\/\/www.lzsgrudzice.pl\/index.php\/wp-json\/wp\/v2\/pages\/5587\/revisions"}],"predecessor-version":[{"id":5894,"href":"https:\/\/www.lzsgrudzice.pl\/index.php\/wp-json\/wp\/v2\/pages\/5587\/revisions\/5894"}],"wp:attachment":[{"href":"https:\/\/www.lzsgrudzice.pl\/index.php\/wp-json\/wp\/v2\/media?parent=5587"}],"curies":[{"name":"wp","href":"https:\/\/api.w.org\/{rel}","templated":true}]}}